q - 10. Let p be s(5). Let u be 978/7 + 2/7. What is the greatest common factor of p and u?
20
Let q = 25 + -17. Suppose j = 3*j - 2. Let g be (8/(-3))/(j/(-6)). Calculate the highest common factor of g and q.
8
Let u = 68 + -41. Let t(q) = -q**3 - q**2 + 6*q + 9. Let v be t(-3). Calculate the greatest common factor of v and u.
9
Let s be (1/(-2))/((15/6)/(-5)). Calculate the highest common divisor of 9 and s.
1
Let k be (-591)/(-21) + (-3)/(84/4). Suppose 2*m = -m + 21. What is the highest common divisor of k and m?
7
Let o = 51 + -13. What is the highest common divisor of o and 57?
19
Suppose 0 = -o - 2 + 4. Suppose o*u = u + 18. Calculate the greatest common factor of u and 144.
18
Let i = -10 - -15. What is the greatest common divisor of 45 and i?
5
Let q = 14 - 9. Let d be (2/q)/(4/(-20)). Let j be (8 - 2/(-1)) + d. What is the highest common factor of 20 and j?
4
Suppose -k - 94 = p, 2*p = k - 191 - 6. Let z = p - -145. Calculate the highest common divisor of z and 6.
6
Let w = 62 - 31. Let v = -22 + w. Calculate the greatest common factor of v and 1.
1
Let v = 47 - 7. Suppose i - 79 - 15 = 3*c, 2*i - 172 = -2*c. Let t = i - v. What is the highest common divisor of 12 and t?
12
Let b = 18 - 15. Suppose 4*z - z = b. What is the highest common factor of z and 3?
1
Let t be 58/7 - (-2)/(-7). Let x(c) = 2*c + 24. Let s be x(0). What is the greatest common factor of t and s?
8
Let i(r) = r**3 - 3*r**2 + 2. Let u be i(3). Let x(t) = 3*t**2 - 2*t + 3. Let j be x(u). Calculate the greatest common divisor of 66 and j.
11
Let i be -4 + -3 + (-32)/(-2). What is the highest common factor of i and 3?
3
Suppose 0*y + y - 15 = 0. Suppose 3*u + 2*s = 77, -s - 102 = -3*u - 19. Let p be -15*(-3)/(u/6). What is the highest common factor of y and p?
5
Let h be 24 + -1 - (-10)/5. Suppose s - h = -4*s. What is the highest common factor of s and 2?
1
Let b be -3*1 - 24/(-6). Let a be 180/9*b/2. What is the highest common factor of 4 and a?
2
Suppose 41 = 5*r - 4. Let t = -11 + 52. Let d = t + -14. Calculate the highest common divisor of d and r.
9
Let s be (-2 - 2) + 5 + 123 - 4. Let y = 47 - 23. Calculate the greatest common factor of s and y.
24
Let w(j) = 1. Let s(k) = k - 27. Let p(y) = -s(y) + 5*w(y). Let o be 0/(4/2) + 0. Let z be p(o). What is the highest common divisor of 8 and z?
8
Let x = -13 + 19. Let o be (x/4)/(2/8). Suppose -h = -o*h + 325. Calculate the greatest common divisor of 26 and h.
13
Let h(z) = -7*z**3 + z**2 + z + 1. Let t = 0 + 2. Suppose t*w = -0*w - 2. Let k be h(w). Calculate the greatest common divisor of k and 12.
4
Let c(o) = o**2 + 6*o + 7. Let r be c(-7). Suppose 0 = -3*l + 2*l - k + 121, -4*k = 5*l - 610. What is the highest common divisor of r and l?
14
Suppose -2*s + y + 19 = s, -3*s = -5*y + 1. Suppose 5*u + 25 = 0, -t + 11 = 2*u - u. Suppose l + t = 3*l. What is the highest common divisor of s and l?
8
Suppose w + 2 + 3 = 0, -3*w = 3*u - 117. Let i = 1108 + -1104. What is the highest common factor of u and i?
4
Suppose -q - q - 36 = 5*u, 4*u = -5*q - 22. Let w be 42/4 + (-12)/u. What is the highest common factor of w and 8?
4
Let i(p) = 2*p + 18. Let k be i(-5). Let n(h) = -71*h + 1. Let x be n(-1). Calculate the highest common factor of k and x.
8
Let d = -6 - -30. Let h(j) = j**2 + 9*j + 26. Let o be h(-7). What is the highest common divisor of o and d?
12
Suppose -20 = -t + 10. Let v(h) = 7*h**3 - 2*h + 1. Let a be v(1). What is the greatest common factor of t and a?
6
Suppose 0 = 2*z - 0*z - 180. Let j(k) = -k**3 + 16*k**2 - 13*k - 21. Let m be j(15). What is the highest common factor of m and z?
9
Let u(g) = 4 - 2 + 3*g - 16*g - 11*g. Let j be u(-2). Let p be j/(-15)*21/(-2). What is the greatest common factor of p and 14?
7
Let x = 11 + 2. What is the highest common divisor of x and 143?
13
Let p(h) = -h**3 - 11*h**2 - 11*h + 3. Let x be p(-10). Suppose q - 1144 = -q. Suppose 0 = 7*r - 3*r - q. Calculate the highest common divisor of x and r.
13
Let f(l) = 10*l**2 + l - 2. Let n be f(-2). Let b be (-2)/48*-4 + (-142)/(-12). Calculate the highest common factor of n and b.
12
Let s be 1/((-2)/142*-1). Let k(c) = -43*c + 2. Let q be k(1). Let z = q + s. What is the greatest common divisor of z and 6?
6
Let z(t) = t**3 + 7*t**2 - 10. Let i be z(-6). What is the greatest common divisor of i and 13?
13
Let l(q) = 5*q + 10. Let g(a) = -a**2 + 12*a + 18. Let k be g(13). Let y be l(k). Calculate the greatest common divisor of y and 35.
35
Let m(q) = 13*q. Let n be m(2). Calculate the highest common factor of 234 and n.
26
Suppose 0 = -5*o, -3*f - 5*o + 58 + 41 = 0. Suppose 29 = k - 70. What is the highest common divisor of f and k?
33
Let b = 5 + -3. Suppose -5*o = 8*o - 13. Calculate the highest common factor of b and o.
1
Suppose 0*v - 126 = -2*v + 5*h, -3*v + 5*h = -189. Suppose 0 = -2*b + 3*b - v. What is the greatest common factor of 7 and b?
7
Let a = -7 + 6. Let f = a - -3. Let m(g) = 34*g + 2. Let n be m(f). Calculate the greatest common divisor of 10 and n.
10
Let v be (-2)/10 - (-322)/10. Let g = -1 - 62. Let m be (-108)/(-14) - 18/g. Calculate the highest common factor of v and m.
8
Let a(f) = f**2 + 10*f. Let h(t) = -t**2 - 11*t. Let c(x) = 3*a(x) + 2*h(x). Let g be c(-10). What is the greatest common divisor of g and 8?
4
Suppose 2 + 58 = -4*h. Suppose -59 = -5*x - 9. Let s be x/h - (-47)/3. What is the greatest common factor of 3 and s?
3
Suppose 7*o - 12*o + 270 = 0. What is the highest common factor of 81 and o?
27
Let p be (-1438)/(-9) + (-16)/(-72). Calculate the greatest common factor of 20 and p.
20
Let j = 21 - -6. Let q(t) = -t**2 - 4*t + 3. Let k = -7 + 3. Let f be q(k). What is the greatest common divisor of j and f?
3
Let s(r) = r**2. Let u be s(0). Suppose 3*x - i - 2 = u, i = 5*i + 20. Let h be 6/((-3)/x) - -14. Calculate the highest common factor of h and 32.
16
Let y = 9 - 4. Suppose 4*i = 2*w - 342, 4*w + i + 166 = y*w. Calculate the greatest common divisor of w and 23.
23
Suppose 5*z = 909 + 51. Suppose z - 27 = 3*o. Suppose -3*g = 4*k - 76, 3*k + 4*g = -0*k + 50. Calculate the highest common divisor of o and k.
11
Let k(a) = 6*a + 5. Let m = -2 - 2. Let c be k(m). Let v = c + 32. What is the greatest common divisor of v and 52?
13
Suppose -b - r = 1 - 2, 3*r + 15 = 3*b. Suppose -b*a - 225 - 219 = 0. Let v = a + 218. What is the highest common divisor of 28 and v?
14
Let h(g) = g**3 + 2*g**2 - 2*g - 1. Let a be h(2). Let x be -4*((-10)/8 - -1). Suppose 3 = 2*q + x. What is the highest common factor of q and a?
1
Let z(t) = -t - 2. Let m be z(-3). Let d be m - (-2)/(4/6). Suppose -4*x + 16 = -d*h, x = -4*x + 4*h + 23. What is the greatest common divisor of x and 21?
7
Let r be ((-3)/(-2))/((-3)/84). Let o be (-72)/r*1*7. Calculate the greatest common divisor of 30 and o.
6
Let d = 12 - 7. Suppose -14 = g - d*h, 0 = 4*g + 5*h - 6 - 13. Let c be g/(-4) - (-123)/12. What is the highest common divisor of 10 and c?
10
Let n(k) = 0*k**2 + k**3 + 10 - 2*k - 18 + 7*k**2. Let s be n(-7). What is the greatest common factor of s and 2?
2
Let a be 233/(-4) - 11/(-44). Let y = 82 + a. What is the highest common factor of 36 and y?
12
Suppose -4*p + s = 5*s - 92, 2*p - 3*s - 21 = 0. Suppose -2*l - 24 = -6*l. Calculate the highest common divisor of p and l.
6
Let j be ((-4)/6)/((-2)/6). Suppose -27 = -j*g - g. Let q(m) = 12*m + 2. Let n be q(g). What is the highest common divisor of 22 and n?
22
Suppose 3*f + 2*p = 578, f - 3*p = 100 + 111. What is the highest common factor of f and 28?
28
Let o be 5 + 1 - (-4)/(-2). Let z be 4 + (-4)/o + 3. What is the highest common divisor of z and 48?
6
Let l(o) = 5*o**3 + o**2. Let u be l(1). Suppose -u*j + 45 = -j. Let x be 6/15 - 178/(-5). Calculate the greatest common factor of x and j.
9
Let m(g) = -g**3 + 2*g**2 + 3*g + 3. Let l be (3 + -2)/(4/12). Let d be m(l). Suppose -a + 5 = -d. What is the greatest common factor of a and 2?
2
Suppose -3*r = -3*t - 654, 0*r - 4*t = -r + 206. Let q = r - 124. Let p be ((-28)/(-10))/(2/10). Calculate the greatest common divisor of q and p.
14
Let o = 15 + -9. Let c(n) = n**3 + n**2 - n + 66. Let l be c(0). What is the highest common divisor of o and l?
6
Let h(c) = 4*c**2 - 11*c + 20. Let d be h(4). Calculate the highest comm